{"id":29,"date":"2025-07-23T10:08:18","date_gmt":"2025-07-23T10:08:18","guid":{"rendered":"http:\/\/oenovexin.fr\/?page_id=29"},"modified":"2026-03-09T20:35:46","modified_gmt":"2026-03-09T19:35:46","slug":"saison-2024-2025","status":"publish","type":"page","link":"https:\/\/oenovexin.fr\/index.php\/programme\/saison-2024-2025\/","title":{"rendered":"Saison 2024-2025"},"content":{"rendered":"<h3 style=\"color:#6E1E2E; border-bottom:2px solid #6E1E2E20; padding-bottom:10px; margin-bottom:25px;\">\n    Archives des s\u00e9ances \u2013 Saison 2024-2025<br \/>\n<\/h3>\n<div style=\"display:grid; gap:12px;\">\n<div style=\"background:#faf7f3; border:1px solid rgba(139,58,58,0.15); border-radius:8px; padding:15px 20px;\">\n<p style=\"margin:0; font-weight:bold; color:#6E1E2E;\">\ud83d\udcc5 Mardi 10 septembre 2024<\/p>\n<p style=\"margin:5px 0 0 0; color:#555;\">Initiation par Jean-Christophe \u2014 bons rappels pour les redoublants<\/p>\n<\/p><\/div>\n<div style=\"background:#faf7f3; border:1px solid rgba(139,58,58,0.15); border-radius:8px; padding:15px 20px;\">\n<p style=\"margin:0; font-weight:bold; color:#6E1E2E;\">\ud83d\udcc5 Mardi 15 octobre 2024<\/p>\n<p style=\"margin:5px 0 0 0; color:#555;\">Ch\u00e2teau de l\u2019Engarran (Gr\u00e9s de Montpellier) avec Diane Loffet<\/p>\n<\/p><\/div>\n<div style=\"background:#f2ebe4; border:1px solid #6E1E2E30; border-radius:8px; padding:15px 20px;\">\n<p style=\"margin:0; font-weight:bold; color:#6E1E2E;\">\ud83d\udcc5 Mardi 12 novembre 2024 <span style=\"font-size:0.8em; background:#6E1E2E; color:white; padding:2px 8px; border-radius:4px; margin-left:10px;\">PRESTIGE<\/span><\/p>\n<p style=\"margin:5px 0 0 0; color:#444;\">Champagne Vranken Pommery avec Emilie Boucard, Responsable France BtoB<\/p>\n<\/p><\/div>\n<div style=\"background:#f2ebe4; border:1px solid #6E1E2E30; border-radius:8px; padding:15px 20px;\">\n<p style=\"margin:0; font-weight:bold; color:#6E1E2E;\">\ud83d\udcc5 Mardi 10 d\u00e9cembre 2024 <span style=\"font-size:0.8em; background:#6E1E2E; color:white; padding:2px 8px; border-radius:4px; margin-left:10px;\">PRESTIGE<\/span><\/p>\n<p style=\"margin:5px 0 0 0; color:#444;\">Ch\u00e2teau de Parnay avec Fr\u00e9d\u00e9ric Filliatreau<\/p>\n<\/p><\/div>\n<div style=\"background:#f2ebe4; border:1px solid #6E1E2E30; border-radius:8px; padding:15px 20px;\">\n<p style=\"margin:0; font-weight:bold; color:#6E1E2E;\">\ud83d\udcc5 Mardi 14 janvier 2025 <span style=\"font-size:0.8em; background:#6E1E2E; color:white; padding:2px 8px; border-radius:4px; margin-left:10px;\">PRESTIGE<\/span><\/p>\n<p style=\"margin:5px 0 0 0; color:#444;\">Vignobles Coudroy avec Hortense Coudroy<\/p>\n<\/p><\/div>\n<div style=\"background:#faf7f3; border:1px solid rgba(139,58,58,0.15); border-radius:8px; padding:15px 20px;\">\n<p style=\"margin:0; font-weight:bold; color:#6E1E2E;\">\ud83d\udcc5 Mardi 11 f\u00e9vrier 2025<\/p>\n<p style=\"margin:5px 0 0 0; color:#555;\">Vignobles Victoire d\u2019Affaux (Fleurie, Saint-Amour, Moulin-\u00e0-Vent)<\/p>\n<\/p><\/div>\n<div style=\"background:#faf7f3; border:1px solid rgba(139,58,58,0.15); border-radius:8px; padding:15px 20px;\">\n<p style=\"margin:0; font-weight:bold; color:#6E1E2E;\">\ud83d\udcc5 Mardi 11 mars 2025<\/p>\n<p style=\"margin:5px 0 0 0; color:#555;\">Domaine Perrier avec Gilles Perrier (7 g\u00e9n\u00e9rations de Savoyards)<\/p>\n<\/p><\/div>\n<div style=\"background:#f2ebe4; border:1px solid #6E1E2E30; border-radius:8px; padding:15px 20px;\">\n<p style=\"margin:0; font-weight:bold; color:#6E1E2E;\">\ud83d\udcc5 Mardi 13 mai 2025 <span style=\"font-size:0.8em; background:#6E1E2E; color:white; padding:2px 8px; border-radius:4px; margin-left:10px;\">PRESTIGE<\/span><\/p>\n<p style=\"margin:5px 0 0 0; color:#444;\">Ch\u00e2teau de France avec Arnaud Thomassin \u2014 Pessac-L\u00e9ognan<\/p>\n<\/p><\/div>\n<div style=\"background:#faf7f3; border:1px solid rgba(139,58,58,0.15); border-radius:8px; padding:15px 20px;\">\n<p style=\"margin:0; font-weight:bold; color:#6E1E2E;\">\ud83d\udcc5 Mardi 10 juin 2025<\/p>\n<p style=\"margin:5px 0 0 0; color:#555;\">Soir\u00e9e \u00e0 l\u2019Aveugle \u2014 version Jean-Christophe !<\/p>\n<\/p><\/div>\n<\/div>\n","protected":false},"excerpt":{"rendered":"<p>Archives des s\u00e9ances \u2013 Saison 2024-2025 \ud83d\udcc5 Mardi 10 septembre 2024 Initiation par Jean-Christophe \u2014 bons rappels pour les redoublants \ud83d\udcc5 Mardi 15 octobre 2024 Ch\u00e2teau de l\u2019Engarran (Gr\u00e9s de Montpellier) avec Diane Loffet \ud83d\udcc5 Mardi 12 novembre 2024 PRESTIGE Champagne Vranken Pommery avec Emilie Boucard, Responsable France BtoB \ud83d\udcc5 Mardi 10 d\u00e9cembre 2024 PRESTIGE [&hellip;]<\/p>\n","protected":false},"author":1,"featured_media":0,"parent":148,"menu_order":3,"comment_status":"closed","ping_status":"closed","template":"","meta":{"footnotes":""},"class_list":["post-29","page","type-page","status-publish","hentry"],"_links":{"self":[{"href":"https:\/\/oenovexin.fr\/index.php\/wp-json\/wp\/v2\/pages\/29","targetHints":{"allow":["GET"]}}],"collection":[{"href":"https:\/\/oenovexin.fr\/index.php\/wp-json\/wp\/v2\/pages"}],"about":[{"href":"https:\/\/oenovexin.fr\/index.php\/wp-json\/wp\/v2\/types\/page"}],"author":[{"embeddable":true,"href":"https:\/\/oenovexin.fr\/index.php\/wp-json\/wp\/v2\/users\/1"}],"replies":[{"embeddable":true,"href":"https:\/\/oenovexin.fr\/index.php\/wp-json\/wp\/v2\/comments?post=29"}],"version-history":[{"count":7,"href":"https:\/\/oenovexin.fr\/index.php\/wp-json\/wp\/v2\/pages\/29\/revisions"}],"predecessor-version":[{"id":207,"href":"https:\/\/oenovexin.fr\/index.php\/wp-json\/wp\/v2\/pages\/29\/revisions\/207"}],"up":[{"embeddable":true,"href":"https:\/\/oenovexin.fr\/index.php\/wp-json\/wp\/v2\/pages\/148"}],"wp:attachment":[{"href":"https:\/\/oenovexin.fr\/index.php\/wp-json\/wp\/v2\/media?parent=29"}],"curies":[{"name":"wp","href":"https:\/\/api.w.org\/{rel}","templated":true}]}}